(-1170 - -2)). Suppose -155 = -9*d + t. Calculate the greatest common divisor of d and 21.
21
Let i = -1210 - 406. Let m be (-46)/(-115) - i/10. What is the greatest common factor of 216 and m?
54
Suppose 2*o - m = -2*o + 18, 0 = 4*o - 4*m - 12. Let w be 6 + 10/(-20) + -1 + 202/4. Calculate the greatest common factor of o and w.
5
Let g = -154 - -338. Let d = -69 + g. Suppose 0 = 3*l + o - 72 - 70, -l - 3*o = -58. Calculate the greatest common divisor of d and l.
23
Let f = -992 - -8290. Calculate the highest common factor of 164 and f.
82
Let k = -223 - -383. Suppose 105*b + k = 110*b. Calculate the greatest common factor of b and 48.
16
Let x = -11597 - -11604. What is the greatest common factor of 47 and x?
1
Let i be ((-398)/8)/((-10)/120) - (12 - 5). Calculate the greatest common factor of i and 10.
10
Let n = -2624 - -2813. Calculate the greatest common factor of 90 and n.
9
Suppose 235183 = 361*t - 132*t. Calculate the greatest common divisor of 65 and t.
13
Let c(j) = -2*j**2 + 23*j - 13. Let w be c(10). Suppose 3*a - w = -8. Let d be 608/3 + 1/a. What is the highest common factor of 29 and d?
29
Suppose -18*o + 21*o + 28*o = 83700. Calculate the highest common factor of o and 27.
27
Let c = 557 - 539. Suppose 2244 = c*h - h. Calculate the greatest common factor of 297 and h.
33
Let h(s) = 79*s + 5. Let a be h(1). Suppose 0 = -3*t - v + 20, 5*t - 36 = -3*v. What is the greatest common divisor of a and t?
6
Suppose 49*s + 208 = z + 44*s, -847 = -4*z + 5*s. What is the highest common divisor of 497 and z?
71
Let t be 13/(-3) + 4 - (-45474)/99. What is the highest common divisor of t and 1734?
51
Suppose 0 = 2*i + 6*i + 1872. Let p be (i/(-5))/(6/40). Calculate the highest common factor of p and 24.
24
Let m = -2797 - -3837. Calculate the highest common factor of 48 and m.
16
Let h = -352 + 944. Calculate the greatest common divisor of 2331 and h.
37
Let q(j) = 12*j - 5*j + 5*j + 24. Suppose 3*u = -5*d + 29, 3*d - 4*d - 39 = -5*u. Let b be q(u). Calculate the greatest common divisor of b and 15.
15
Let d(w) = -w**2 - 67*w - 354. Let g be d(-60). Suppose -511 = -3*n + 5*s + 182, 0 = -4*n + s + 924. Calculate the highest common divisor of n and g.
33
Suppose 4*b = -q - 20, -12 - 8 = -q + 4*b. Suppose -61*s + 56*s + 70 = q. Let t = -122 - -129. Calculate the highest common divisor of t and s.
7
Suppose -93*r + 769 = -626. What is the greatest common factor of 95 and r?
5
Let s(l) be the second derivative of -l**3/6 - 7*l**2/2 + 10*l. Let x be s(-12). Let q = 47 - 32. What is the greatest common factor of q and x?
5
Let k(p) = -p**3 + p**2 - 6*p + 3. Let z be k(0). Suppose 0 = -4*j, 4*y - 153 = y - z*j. Calculate the highest common divisor of y and 34.
17
Suppose 0 = -2*j + 11 + 7. Let x(n) = n**3 + 117*n**2 + 152*n + 17786. Let u be x(-117). Calculate the highest common divisor of j and u.
1
Let p be (91/(-39))/(35/(-405)). Calculate the highest common factor of p and 1152.
9
Let w be ((-126)/10)/((-621)/16560). Calculate the highest common divisor of w and 294.
42
Let x(f) = -2*f**2 + 49*f + 376. Let i be x(-6). What is the greatest common divisor of 23990 and i?
10
Let y(m) = -71*m + 1640. Let g be y(21). What is the highest common divisor of 6407 and g?
149
Suppose -3*i - 434 = -428, -48 = -3*c - 3*i. Suppose 0 = 5*z - 1637 - 883. Calculate the highest common divisor of z and c.
18
Let o = 5586 + -4146. What is the highest common factor of 128 and o?
32
Let h = -320031 + 320076. Let p = 11 + 14. What is the highest common factor of h and p?
5
Let b be 126/35*(4 - -1). Suppose -4*v + d + 77 = -90, -5*v + d = -210. Suppose -3*a = -v - 11. Calculate the greatest common divisor of a and b.
18
Let u = 10448 + -9986. Calculate the greatest common factor of 1518 and u.
66
Let v = 7006 + -5086. What is the highest common divisor of v and 30?
30
Let p(l) = 2*l**2 + 12*l - 1120. Let c be p(34). Calculate the greatest common factor of c and 250.
50
Suppose 3*j + 3*a - 555 = 6*a, -927 = -5*j + 3*a. Calculate the highest common factor of j and 15.
3
Let v be ((-24)/(-5))/(40/25) + (-2138)/(-2). Calculate the highest common factor of 469 and v.
67
Let c(w) = 19*w**2 - 544*w - 66. Let k be c(30). Let g(i) = i**3 - 2*i**2 - 6*i - 3. Let j be g(5). Calculate the greatest common divisor of k and j.
42
Suppose 0 = 3*g + 15, -p + 118*g = 121*g - 173. What is the highest common divisor of 48 and p?
4
Suppose 0 = -3*p - 2*p + 4*g + 64, 0 = -3*p + 4*g + 40. Let b = 18 - p. Let w(o) = 42*o + 12. Let k be w(b). Calculate the highest common factor of 24 and k.
24
Suppose 31*t - 200 = 29*t. Suppose -11 - 9 = -w. Calculate the greatest common divisor of w and t.
20
Let h(p) = -4*p + 1. Let r be h(-1). Let i be 3/r*(-4 - -109). Let c be (-984)/(-14) + (-18)/i. Calculate the greatest common factor of 14 and c.
14
Let f = -117 - -121. Suppose -q - y + 25 = -5*y, y = -f. Calculate the highest common factor of 2 and q.
1
Let j = -443 + 515. Suppose -l = 2*l + 2*o - 508, 0 = 4*o - 8. What is the greatest common divisor of j and l?
24
Suppose -6*x + 38 + 82 = 0. Suppose 2*i = i + 2*i. Suppose i = -26*d + 30*d - 16. Calculate the highest common divisor of x and d.
4
Suppose d - 2*n = 50, -d - n + 19 = -46. Suppose v + 4 - 6 = 3*h, h = -5*v - 22. Let l be ((-1)/h)/(1/24). What is the greatest common factor of l and d?
12
Let g = -18663 - -18718. Let z = 190 + -135. What is the greatest common divisor of z and g?
55
Let h(l) = -l**3 + 18*l**2 - 18*l + 34. Let x be h(17). Let q be x + 18 + 2/4*6. What is the greatest common divisor of q and 418?
38
Let c = 201 + -198. Suppose -5*o - c*r = 4 - 20, -18 = -5*o - 4*r. Calculate the highest common factor of o and 18.
2
Let m = -174 - -96. Let t = 90 + m. Let r be (t/2)/(4/18). What is the greatest common factor of r and 3?
3
Let p = -356 + 414. Let i be 5075/p - 1/(-2). Calculate the greatest common divisor of 8 and i.
8
Let r(m) = -2*m**2 - 8*m + 393. Let h be r(-15). What is the greatest common factor of 3276 and h?
63
Suppose -74 = -4*h - 5*p, 0 = -5*h - 64*p + 66*p + 43. Calculate the highest common factor of 3487 and h.
11
Let r be 5/((-25)/(-35)) - -20978. Calculate the greatest common factor of r and 15.
15
Let w = 48 + -47. Let s be 1*w/(2 - 3)*-61. What is the highest common divisor of s and 305?
61
Suppose 127110 = -919*u + 949*u. What is the greatest common factor of 57 and u?
19
Suppose 29*o + 0*o = 203. What is the greatest common factor of o and 343?
7
Suppose -24941 = -140*b + 50*b + 339019. Calculate the highest common factor of 36 and b.
12
Let n be (1/(-3))/((-15)/2655). What is the greatest common factor of n and 2183?
59
Suppose 130 = 12*x + 22. Let v be 1/(3/45*5). What is the greatest common divisor of v and x?
3
Suppose -545 = -9*j + 1435. Suppose 0 = -2*i + 5*r + 12, i + i = -3*r + 44. Let t be i/(-20)*-1*j/8. Calculate the greatest common divisor of t and 11.
11
Let a(d) = -d**3 - 47*d**2 - 16*d - 647. Let y be a(-47). What is the highest common divisor of 5145 and y?
105
Let i = 52561 - 52539. Let d(l) = 31*l**2 - l + 4. Let a be d(-3). Calculate the greatest common factor of i and a.
22
Let b(n) = n**2 + 52*n - 593. Let i be b(10). Calculate the highest common factor of 2646 and i.
27
Let m = -53 - -55. Suppose m*t + 15 = 87. Suppose 5*p - t = p. Calculate the highest common divisor of 9 and p.
9
Let a = 3514 + -2877. What is the highest common divisor of 196 and a?
49
Let i(x) = x**2 + 32*x + 178. Let u be i(-25). What is the greatest common factor of 6621 and u?
3
Suppose 6*f + 2799 + 501 = 0. Let m = f + 757. Calculate the highest common divisor of 46 and m.
23
Suppose 3*c + 5*w = 2*c + 26, w - 3 = 0. Suppose 0 = -6*p + c*p + 45. Let f be 27/p + (25 - -2). What is the highest common factor of 36 and f?
12
Suppose 4*u = 378*n - 381*n + 1379, 0 = 4*u + 5*n - 1389. What is the greatest common divisor of u and 279?
31
Let o be (1107/(-33))/(-3) - 10/55. Let g be (-16 - (-6030)/6) + -10. Calculate the highest common divisor of g and o.
11
Suppose -17*a = -812 - 38. Calculate the highest common divisor of 220 and a.
10
Suppose -4*h + 3543 = -5*j, 0*h - 4*h = -j - 699. Let y = 308 + j. Let i be (-4)/(-6) - (y/3 - 1). Calculate the greatest common divisor of 17 and i.
17
Let g be ((-96)/14)/(2132/182 - 12